z - 46. Let g be d(9). Let a(i) = -6*i + 35. Give a(g).
-13
Let g(k) = -6 - 4*k + 10*k + 13. Let u = -3101 - -3096. Calculate g(u).
-23
Let u = -543 + 534. Let d(b) = b**2 + 16*b + 56. Let q be d(u). Let f(y) = -y**2 - 12*y - 5. Calculate f(q).
30
Let s(z) be the second derivative of z**3/2 + 49*z. Let t be 1 - (-5 - (-5 - 0)). Give s(t).
3
Let v(c) be the first derivative of -c**4/4 + 7*c**3/3 - 9*c**2/2 - 2*c - 7255. Determine v(5).
3
Let i(l) = -l**3 - 8*l**2 + 11*l + 12. Let u be 46 - (-9)/48*-4*-4. Let y = -47 + u. Let n be y*(-9)/(5/((-15)/(-6))). What is i(n)?
-6
Let x(i) = i**3 - 30*i**2 - i + 30. Let u be x(30). Let s(o) = o**2 - 19*o + u + 1 + 5 + 5*o. What is s(14)?
6
Let u be (-15 - -1)/(39/(-78)). Suppose u = -238*x + 245*x. Let o(k) = -k**3 + 4*k**2 - 2*k. Calculate o(x).
-8
Let k(f) = -f**2 - 5*f - 1. Let v be k(-5). Let d(w) be the second derivative of 7*w**4/12 - w**3/3 - w**2/2 - 8612*w + 3. Calculate d(v).
8
Suppose 59 = 3*k - f, -41*k + 42*k + 5*f - 25 = 0. Let y(b) = -b**2 + 20*b + 5. Give y(k).
5
Let p(o) = o**2 + 2*o - 1. Let l be 12/(-18)*(27/(-2) - 0). Suppose -13 = -4*i - l. Calculate p(i).
2
Let p(j) = 4*j + 1. Let i(n) = -5*n - 4. Let x be (7 - 3)*(-4)/8*2. Let y(s) = x*p(s) - 3*i(s). Give y(5).
3
Let u be ((-40)/(-12))/(4/6). Let a(s) = -1. Let t(q) = -q - 3. Let v(i) = u*a(i) - t(i). Suppose -84*r = 99*r - 366. Give v(r).
0
Let g(k) = 5*k**2 + 14. Let p(z) = -3*z**2 + z - 12. Let x(n) = 4*g(n) + 5*p(n). Let s(m) = -7*m**2 - 5*m + 5. Let y(f) = -3*s(f) - 4*x(f). Determine y(6).
7
Let o(b) = -b. Suppose 7*h - 3*h - 20 = 0. Suppose 10*t - h = 5*t. Let m be t*-2 + -6 + (5 - 3). Determine o(m).
6
Let u = 105 + -102. Let s(t) = -5*t - 10. Let b(l) = 4*l + 9. Let c(y) = -6*b(y) - 5*s(y). What is c(u)?
-1
Let k(d) be the third derivative of -d**6/60 + d**5/60 - d**4/24 - d**3/6 + 2*d**2 + 60. Let w(l) = -8*l + 7. Let i be w(1). Give k(i).
3
Suppose -4*c + k - 6 = -8*c, 2*c = 4*k + 12. Let d(i) = 24*i**3 - 10 + 0*i**2 + 9 - 9*i**2 + 8*i**c - i. Determine d(-1).
-25
Let z(n) = n**3 + n - 8. Let g be z(-3). Let f be ((-5)/2)/(-9 - g/4). Let b(s) = -s - 7. Determine b(f).
-2
Let v be 8 + (-18)/(-22) + (-34)/(-187). Let k be ((-4)/1 + 2)/(10 - v). Let u(q) = -9*q - 2. Let m(z) = 26*z + 6. Let g(r) = 4*m(r) + 11*u(r). What is g(k)?
-8
Let r(j) = -6*j + 2. Let z = 1289 + -1285. Determine r(z).
-22
Let p(y) = 56*y**2 - 285*y + 15. Let v be p(5). Let a(f) = f - 17. Give a(v).
-27
Suppose 3*f = 4*g - 2*g + 8, 0 = -4*g - 5*f + 28. Suppose g*a = m - 1, -3*a + 2*a - 5*m + 27 = 0. Let x(z) = 7*z**2 - z**a - 2 + 2*z - 5*z**2. Give x(-3).
1
Let x be 5/55 + (-990)/242. Let m(a) = 3*a - 26. Let g(f) = -7*f + 56. Let j(w) = 6*g(w) + 13*m(w). Give j(x).
10
Suppose -2*k - 3*d - 8 = 0, 10*d - 20 = 4*k + 14*d. Let p(x) = -x**2 - 9*x - 34. What is p(k)?
-20
Let j = 49 - 44. Suppose 5 = 3*s - x, -2*s = 3*s - j*x - 15. Let m(g) = 6*g**3. Give m(s).
6
Let p(m) = -m - 18 - 17 + 34. Let l be p(-5). Let u be (l - (-125)/(-20))/(3/8). Let q(c) = c**2 + 6*c - 2. Determine q(u).
-2
Let r(l) = -12*l - 3. Let f be (-20*(-10)/200)/1. Give r(f).
-15
Let w be ((-117)/(-26))/(12/(-16)). Let p(v) = -2*v**2 - 10*v + 17. Determine p(w).
5
Let v(w) be the first derivative of -w**2/2 - 2*w + 2. Let c be 200/(-125)*5/(-2). Suppose c*s + 2*l + 8 = -2*l, -4*s + l - 18 = 0. Calculate v(s).
2
Let y be 27/36*(-7 + 50/6). Let r(f) be the first derivative of 14*f**3/3 + f**2 - f - 9. What is r(y)?
15
Let q(s) = s**3 - 7*s**2 + 5*s + 5. Let a be 218/8 - 50/40. Suppose a*i = 129 + 27. Determine q(i).
-1
Let d(n) = -12*n - 17. Suppose -1243*h = -1256*h - 65. Give d(h).
43
Let f(a) be the second derivative of 3*a**3 - 3*a**2/2 + a. What is f(1)?
15
Suppose 731 - 400 = -331*d. Let l be -2 - (1 + 18/(-3)). Let c(n) = -2*n**3 - n**2 - 4*n**l + 2*n**3 - 2*n - 1. Determine c(d).
4
Let u be 3/33*(30/3 - -1). Let q(p) = 26*p**3 - p**2. Determine q(u).
25
Let g(t) = 3*t - 3. Let u = 235 + -221. Suppose 4*s = -0*s + 20. Let k be 4*s/(-4 + u). Determine g(k).
3
Let g(v) = v**3 - 3*v - 2. Suppose -10*n + 20 + 170 = 0. Let l(k) = -2*k + 40. Let t be l(n). Suppose z - p - 12 = -4*p, -2*p = -t*z. Give g(z).
16
Let g(k) = -k**3 + 4*k**2 - 3*k - 3. Let j be g(6). Let d = j - -98. Let t(o) = -o**2 + 6*o - 2. Determine t(d).
3
Suppose -9*o = -14*o + 10. Suppose o*p + p = 12. Let z(k) = 5*k**3 - k**2 - 78*k. Let h(x) = 2*x**3 - x**2 - 29*x. Let f(a) = -8*h(a) + 3*z(a). Determine f(p).
8
Let n be 180/20 - 20 - -10. Let i(h) = 30*h**3 + 6*h**2 - 4*h - 4. Let b(r) = 30*r**3 + 5*r**2 - 3*r - 3. Let a(g) = 5*b(g) - 4*i(g). Give a(n).
-29
Let y(g) be the first derivative of -2*g**3/3 - g**2/2 + 97*g + 187. Let d(m) be the first derivative of y(m). What is d(3)?
-13
Let r(l) be the second derivative of l**4/2 - l**2/2 - l + 16. Let i = -25 + 26. Calculate r(i).
5
Let i be ((-232)/(-30))/2 - 4/(-30). Let d(k) = -i*k**3 - 7 - k - 7*k**2 - 7*k**3 + 10*k**3 - 5*k. What is d(-6)?
-7
Let m(r) = 7*r + 7. Let u(j) = -j + 2. Let t be u(3). Let x(h) = -h - 1. Let b(f) = t*m(f) - 6*x(f). Calculate b(4).
-5
Let n = 1735 - 1727. Let i(h) = 2*h**2 - 8 + 0*h**2 + 11 + 7*h - 3*h**2. Give i(n).
-5
Let o = -66 + 86. Let b = o + -14. Suppose b*g - 2*g = 0. Let f(k) = -k**3 - k**2 - 6. Determine f(g).
-6
Let k(o) be the second derivative of -7/6*o**3 + 3 - 1/2*o**2 + 13*o - 1/12*o**4. Calculate k(-6).
5
Suppose 461*y = 452*y - 162. Let x(b) = b**2 + 21*b - 17. Give x(y).
-71
Let z(r) = -2*r + 9. Let g(j) = -j + 2. Let b(o) = -7*g(o) + 2*z(o). Suppose m - 2*m - 3 = 0, -2*k - 12 = 2*m. Determine b(k).
-5
Let i be 1*(4 + 832/(-84) - 38/399). Let b(r) = -r**3 - 6*r**2 - 4*r - 11. Give b(i).
13
Let a(n) be the first derivative of 9*n**2/2 + 13*n - 653. Calculate a(-3).
-14
Let u(w) = 7*w + w**2 - 2 - 9 - 3. Let q be u(-9). Let p(r) = -5*r**2 + 0 - 6 + 5 + 3*r + r**3. Determine p(q).
-5
Let t(a) = 6*a. Suppose 4*f - 5 = 15. Suppose 0 = 3*m + 2*m - f*y - 5, 0 = -2*m - 5*y + 2. Suppose 3*l = 0, q + l - m = -0*q. Give t(q).
6
Let x(s) be the second derivative of s**6/144 - s**5/120 - s**4/6 - 9*s**2 + 25*s + 3. Let q(b) be the third derivative of x(b). What is q(-1)?
-6
Let h(r) be the first derivative of -r**2 - 51*r + 1844. Give h(-22).
-7
Let j(h) = 2*h + 0*h - 1 - 5*h. Suppose 343*m - 354*m = -11. Let s be j(m). Let k(x) = x**3 + 4*x**2 - x + 2. Calculate k(s).
6
Suppose -52*j - 63 = -p - 41*j, -p + 5*j = -27. Let n(k) = 16*k**2 + k - 2. Calculate n(p).
139
Let z(s) = s**2 - 15*s - 68. Let w = 515 + -519. Calculate z(w).
8
Let l(u) = u**3 + 5*u**2 - u - 6. Let b(r) = -r**2 - 6*r + 20. Let y(o) = -o + 2. Let x be y(10). Let i be b(x). Suppose -i*v = -0*v + 20. Give l(v).
-1
Let h = 39 + -36. Suppose h = 3*u + 5*d, 0*u - 1 = -u - 5*d. Let s be u/(-2) - 2/(-4). Let q(k) = -k**2 - k + 1. What is q(s)?
1
Suppose -57 = -w + 2*r, r = 4*w - r - 210. Suppose -12*s = -11*s - w. Let z(p) = 20 + 25 + 2*p - s. Determine z(5).
4
Let b(p) = 14*p + 6. Let r(l) = -16*l - 7. Let d(y) = 4*y**3 - 2*y - 3. Let q be d(-1). Let s(i) = q*r(i) - 6*b(i). Give s(-1).
3
Let l(j) = j**2 + 3*j - 17. Let v be -2*2/(-4)*-5. Determine l(v).
-7
Suppose -26*w - 211 = 128 - 781. Let s(l) = -3*l**2 + 52*l - 15. Give s(w).
2
Let x(a) = a**2 + 10*a + 1. Suppose -8*k + 3*k - 25 = z, -2*k - 10 = -z. Suppose b - 2*c + 3 = z, 1 = -2*b + 19*c - 14*c. Determine x(b).
40
Suppose 23*y = 32*y - 171. Let i(p) = -5*p + 88. Let n be i(y). Let z(h) = -5*h + 8. Calculate z(n).
43
Let x(s) be the first derivative of s**3/3 + s**2/2 + 15*s - 8. Let c be -4 - (-2)/(-3)*(-3 + -3). Determine x(c).
15
Let c(y) = 3*y + y**2 - 2*y - 2 + 5*y. Let v(t) = -3*t**3 + 23*t**2 - 10*t - 24. Let g be v(7). Suppose -2*r = -2*i + 14, -2*r - g*i + i - 4 = 0. Give c(r).
-7
Let h(w) = 2*w**2 - 171*w + 806. Let o be h(5). Let x(j) = -9*j**3 + 2. Let g(z) = -5*z**3 + 1. Let r(b) = 7*g(b) - 3*x(b). What is r(o)?
-7
Let n(a) be the third derivative of a**7/1680 - a**6/45 - 49*a**5/20 + 27*a**2 + 1. Let i(w) be the third derivative of n(w). Give i(5).
-1
Let v(w) = 3*w**3 - 13*w**2 + w + 4. Let c(h) = -4*h**3 + 20*h**2 - 5. Let u(r) = -2*c(r) - 3*v(r). Let o be (-1 + (-2 - -4))*1. Let g = -1 - o. Calculate u(g).
8
Let n(q) = -2*q**2 - 35*q - 186. Let z be n(-7). Let u(l) = 6*l + 231. Let v be u(z). L